he remainder when w is divided by 28?
25
Let q = -12 - -16. Suppose 0 = b + d - 7, -2*d - 5 = 5*b - 25. Suppose -s - 7*u = -3*u + 2, s = b*u + 10. What is the remainder when s is divided by q?
2
Let f be 18 + -20 + 25*1. Suppose 18*j = f*j - 60. What is the remainder when 47 is divided by j?
11
What is the remainder when 2772/(-147)*42/(-4) is divided by 51?
45
Suppose 4 = 10*m - 46. Let j = -89 + 128. What is the remainder when j is divided by m?
4
Suppose -123 - 57 = -15*x. Suppose -2*u + a + 254 = u, 322 = 4*u + 2*a. What is the remainder when u is divided by x?
11
Suppose 5*k - 2*g - 21 - 14 = 0, 0 = 5*k + g - 50. Suppose k*z = 14*z - 50. Calculate the remainder when 27 is divided by z.
7
Let j(s) = 34*s**2. Let w be j(-1). Let b = w + -25. Suppose -5*x + 5*l + 171 = 4*l, -5*x = -3*l - 173. What is the remainder when x is divided by b?
7
Suppose -96 = -f - 0*f. What is the remainder when f is divided by 37?
22
Let o(v) = 44*v - 12. What is the remainder when o(3) is divided by 62?
58
Let n(r) = r**3 + 6*r**2 - 11*r - 36. What is the remainder when 1229 is divided by n(-5)?
41
Let o(d) = -d**3 - 6*d**2 + 6. Let w be o(-6). Let y(b) = -b**3 + 12*b**2 - 18*b - 16. Let q be y(10). What is the remainder when 10 is divided by (9/w)/(1/q)?
4
Suppose 30*j = 32*j - 4. Suppose -j*n - 2*h = -6, 2 = -0*n - 2*n + 2*h. What is the remainder when 8 is divided by n?
0
Let o(x) = -x**3 + 9*x**2 + 11*x - 8. Suppose 4*n - 10 = -38. Let q = 17 + n. What is the remainder when 3 is divided by o(q)?
1
Suppose 0 = i - 4*i + 90. Suppose -5*z - 2*r = -0*z - i, -3*r - 23 = -z. What is the remainder when 2/((-28)/30 - -1) is divided by z?
6
Calculate the remainder when 1809/45 + 5 + (-8)/(-10) is divided by 13.
7
What is the remainder when 658 is divided by (32/(-24))/((-8)/198)?
31
Let p = 39 - 45. Let f = 12 + p. Calculate the remainder when 10 is divided by f.
4
Suppose -25 = o + 5*b, 3*b = -o - 2*o - 15. Suppose -2*n + r + 0*r = -25, -2*n + 5*r + 45 = o. What is the remainder when 37 is divided by n?
7
Let c = -66 - -69. Let t(l) = 2 + 1 - 9*l**2 + 0 - 4*l**3 + 3*l**3. Calculate the remainder when c is divided by t(-9).
0
Let v = 1264 + -1255. Calculate the remainder when 265 is divided by v.
4
Suppose -7*g + 2*g = -490. Let s = -11 - -11. Suppose s = -2*o + 26 + 24. What is the remainder when g is divided by o?
23
Suppose -3*b + 3*y - 7 = -2*y, 43 = 3*b + 5*y. Calculate the remainder when 135 is divided by b.
3
Suppose -2*p = 1 + 15. Calculate the remainder when (-9 + 8)/(2/p) is divided by 4.
0
Suppose -19*o = -15*o - 168. Suppose -5*h + l = -87, -h - h - 2*l + o = 0. Let q(b) = b**3 + 3*b**2 - 1. Calculate the remainder when q(3) is divided by h.
17
Let o(g) be the first derivative of -2*g**2 - 15*g - 2. Let q = -594 - -605. What is the remainder when o(-11) is divided by q?
7
Let c(o) = o**2 - o - 2. Let t be c(2). Suppose 42 = 2*h - t*h. Suppose -2*w = w - h. Calculate the remainder when 19 is divided by w.
5
Let c = 1 + 5. Let l be 2/c - 34/3. Let h = 12 - l. What is the remainder when h is divided by 8?
7
Let z(x) = -x**3 - x**2 - 5*x + 96. What is the remainder when z(0) is divided by 14?
12
Let y = 662 - 127. Calculate the remainder when (-1)/(2 + (-1075)/y) is divided by 37.
33
Let r(m) = m**2 - 5*m + 48. What is the remainder when r(10) is divided by 9?
8
Suppose -4*q = 13 - 37. Let g = -101 - -151. What is the remainder when g is divided by (-78)/15*(-15)/q?
11
Let d = 327 - -445. What is the remainder when d is divided by 18?
16
Suppose -2 = z - 3, -2*k = -5*z - 33. Calculate the remainder when 27 is divided by k.
8
Let m(t) = 1528*t**2 - 17*t + 18. Calculate the remainder when m(1) is divided by 30.
29
Let u = 76 - 46. Suppose 20 = 3*r - 2*y, 2*r - 30 = -r - 3*y. What is the remainder when u is divided by r?
6
Suppose 2*q - 4*f = 54, 3*q - 49 = 5*f + 31. What is the remainder when 79 is divided by q?
4
Suppose -3 = 3*n + u, 4*u - 8*u = -2*n - 16. Let f be 1/n - (-68)/8. Calculate the remainder when 15 is divided by f/1 - (-10 - -10).
7
Let h(q) = 2*q**2 + 10*q + 7. Suppose -5*y - 9 - 22 = 4*c, 0 = -5*c - 2*y - 43. Let j = 0 - c. Calculate the remainder when h(-7) is divided by j.
8
Let j(f) = -2*f + 15. Let k(u) = -u**2 - 12*u - 5. Suppose -11*d + 12*d + 13 = 0. Let l be k(d). What is the remainder when j(l) is divided by 18?
15
Suppose 56*v = 18*v + 1482. What is the remainder when v is divided by 9?
3
Let u(x) = 3*x**2 - 10. Calculate the remainder when 96 is divided by u(-3).
11
Suppose 174 = 2*b + 2*z, -b - 41 = 4*z - 125. Suppose -5*h + b = -32. Calculate the remainder when 71 is divided by h.
23
Let m = -1 - 12. Let q = 10 + m. What is the remainder when 31 is divided by 1/(((-12)/32)/q)?
7
Let j be (6 - 3) + (35 - (2 - -1)). Calculate the remainder when 9 is divided by (-22)/(-5) - 14/j.
1
What is the remainder when 191 is divided by -2 - (-85 + 70/(-10))?
11
Let l(v) = 8*v + 13. Let r be 3/(-3*(3 - (-28)/(-8))). Let f = -7 + 24. What is the remainder when l(r) is divided by f?
12
Let x = 41 + -11. Suppose -3*b = t - 119, -t - 1 = -3. Let w = b + 79. What is the remainder when w is divided by x?
28
Suppose 0 = -3*l - 2*i + 16, -2*i = 4*l - i - 28. What is the remainder when l is divided by 2?
0
What is the remainder when ((-69)/4)/(19/(-76)) is divided by 18?
15
Let z = -667 + 852. Calculate the remainder when z is divided by 6.
5
Let w = -2313 - -2403. What is the remainder when 326 is divided by w?
56
Let c(q) = -q**3 + 5*q**2 - q - 3. Let z be 3 + (3*1 - 3/1). What is the remainder when 95 is divided by c(z)?
11
Let v = 7 + -11. Let d(a) = -10*a - 8. Calculate the remainder when d(v) is divided by 4/6 - (-98)/6.
15
Suppose 0 = -10*p + 130 - 0. What is the remainder when 505 is divided by p?
11
Let o = 4 - -4. Let m = 8 - o. Let h = m + 4. Calculate the remainder when 8 is divided by h.
0
Suppose 25*a = 32*a - 28. What is the remainder when 150 is divided by a?
2
Let w be 12/42 - 1/((-14)/5386). Suppose q = -3*z - 67 + 237, 2*q - w = 3*z. Calculate the remainder when q is divided by 17.
15
Suppose 4 = 5*g - 6. Let i(a) = -4*a + 2*a**2 - 7 + 3 + 8*a**g - a**3 + 0. What is the remainder when i(9) is divided by 21?
20
Let r be ((-49)/21)/(3/(-90)). Suppose -2*f + 2 = -k + 3*f, -5*f - r = -5*k. Calculate the remainder when 69 is divided by k.
15
Let c(r) = r**3 + 3*r**2 - 2*r + 3. Let t be c(-4). Let g(j) = -j**3 - 1. What is the remainder when g(t) is divided by 32?
28
What is the remainder when 26 is divided by (30/(-20))/(2/(-12))?
8
Let g(u) = 5*u + 11. Let z be g(9). Suppose 0 + z = 4*x. Suppose 5*l = -5*k + 265, 3*k + l - 4*l = 153. What is the remainder when k is divided by x?
10
Let f be (-2)/(-5) + 6/(-15). Let i(y) = y**2 - 6*y + 7. Let j be i(11). Suppose f*a - j = -2*a. What is the remainder when a is divided by 11?
9
Let l(v) be the first derivative of -v**3/3 - 6*v**2 - 17*v + 17. Calculate the remainder when 59 is divided by l(-9).
9
Let o(y) = -5*y + 24. Let k(m) = 3*m**2 + m - 2. Calculate the remainder when o(-9) is divided by k(2).
9
What is the remainder when -2 - (-31 - 2) - (49 + -54) is divided by 25?
11
Calculate the remainder when 114 + -1 - (63 - 60) is divided by 4.
2
Let a be 24/(-5)*(4 - 9). Let y = -8 + a. Let z = -48 - -54. Calculate the remainder when y is divided by z.
4
Suppose 0 = -3*s + 4*s - 291. Calculate the remainder when s is divided by 49.
46
Suppose 86 - 2 = 3*s. Let o = s + 55. Calculate the remainder when o is divided by 21.
20
Suppose 0 = 6*l - 23*l + 6137. What is the remainder when l is divided by 28?
25
Let m(y) = y**2 + 5*y + 17. Let r be m(-10). Suppose -3*s = -2*o + r - 20, 0 = -2*o + 2*s + 46. Calculate the remainder when 108 is divided by o.
20
Suppose 0 = -19*y - 80 + 1315. What is the remainder when 78 is divided by y?
13
What is the remainder when 8 is divided by ((-21)/49)/((-3)/21)?
2
Let z(n) be the second derivative of -29*n**3/3 - 3*n**2/2 - 14*n. What is the remainder when z(-2) is divided by 23?
21
Let c(h) = -h**2 + 35*h - 223. What is the remainder when c(16) is divided by 59?
22
Let h(q) = -32*q**2 + 72*q**2 - 39*q**2 + 16*q - 18. What is the remainder when h(-20) is divided by 9?
8
Let j = -2 + 17. Calculate the remainder when 71 is divided by j.
11
Let f = -4139 + 6703. C